(0/1 - 3)?
7
Let j = 1 + 1. Suppose j*h - 97 + 5 = 2*a, -137 = -3*h + 2*a. Suppose 2*x - h = 25. What is the tens digit of x?
3
Suppose 4*b + 1006 = -3*y + 2447, 5*y - 4*b - 2391 = 0. What is the tens digit of y?
7
Let r(v) = 104*v**2 + 12*v + 9. What is the tens digit of r(-1)?
0
Let c(x) = -2*x**3 - 6*x**2 + 6*x + 14. Let m(f) = -7*f - 5. Let z be m(0). What is the tens digit of c(z)?
8
Suppose 0 = 21*d - 5321 - 8854. What is the units digit of d?
5
Suppose -5*h + 3*d = -145, -h + d - 69 = -3*h. What is the hundreds digit of 8/h - 1190/(-8)?
1
Suppose -2*v + 4*v = -5*w + 30, v = 5*w - 15. Suppose w*g - 255 = 9. What is the units digit of g?
6
Suppose -2*u + 4*o + 29 = 7, -37 = -5*u + 4*o. Suppose 2*t - 218 = -2*v, 3*v - u*t - 327 = -t. What is the units digit of v?
9
Suppose 5 - 17 = -2*s. Suppose s*z = z + 405. What is the tens digit of z?
8
Suppose 4*a = -a + 25. Suppose 10*w = a*w. Suppose w*c = c - 28. What is the tens digit of c?
2
Let o(h) = -5*h + 35. Let n be o(7). Suppose n = 92*x - 87*x - 665. What is the tens digit of x?
3
Let g(d) = 11*d**2 - 55*d - 108. What is the units digit of g(-14)?
8
Suppose 3*p = 7*p + 2*b - 16, 2*p - 8 = -2*b. Suppose p*m - 174 = 178. What is the units digit of m?
8
Let u(c) = -4*c + 0*c**2 + 0*c**2 + 0*c + 4*c**2. What is the tens digit of u(-4)?
8
Let w(x) = 19*x**2 + 6*x + 4. What is the tens digit of w(-6)?
5
Let c be (0 - 5)*(-42)/(-15). Let f = 49 + c. What is the tens digit of f?
3
Suppose -5*p = -6 - 14. Suppose -p*i + 2*i + 50 = 0. What is the tens digit of i?
2
Let u = 6 + -6. Let y(d) = u*d - 2 - d**2 + 3 + 27*d**2 - d. What is the tens digit of y(1)?
2
Suppose 37*n - 3255 = 6*n. What is the hundreds digit of n?
1
Let m(b) = -10*b + 39. What is the units digit of m(-7)?
9
What is the thousands digit of (-176)/132 + (-3)/(9/(-4969))?
1
Let o(k) = -2*k - 21. Let c be o(-10). What is the tens digit of c/(-2) - 348/(-8)?
4
Let v(x) = 4*x**2 + 2*x + 1. Suppose -5*h + 8 = 4*w, 4*w + 0*h - 8 = -h. Let y be v(w). Let t = 45 - y. What is the tens digit of t?
2
Let h(z) = 2*z**2 - 13*z. Let y be h(9). Suppose -3*g - 385 = -5*s, 110 + y = 2*s - g. What is the units digit of s?
0
Suppose 107050 + 19476 = 41*b. What is the tens digit of b?
8
Suppose -155 + 619 = 16*k. What is the tens digit of k?
2
Suppose -31 = -t - 13. Let a = t - 17. What is the units digit of (-1 - a)*45/(-30)?
3
Let w(k) = -3*k**3 - 4*k**2 + 6*k - 1. Let g be w(3). What is the units digit of ((9/12)/3)/((-5)/g)?
5
Let j(p) = 2*p. Let y be j(3). Suppose 0 = -a - l + 4*l + y, -2*a + 12 = 5*l. Let o(n) = 5*n - 5. What is the units digit of o(a)?
5
Let p(n) = -5*n + 30. Let c(h) = -5*h + 29. Let b(i) = -6*c(i) + 5*p(i). What is the tens digit of b(15)?
5
Let d(x) be the second derivative of x**4/6 + 201*x**2/2 + 9*x. What is the units digit of d(0)?
1
Suppose -3*m + 4*w = -0*m - 17, -5*m = 2*w - 11. Suppose 21 = -m*o - 4*n + 149, 3*o + 5*n = 133. What is the units digit of o?
6
Let u(x) = x**2 + 6*x - 13. Let y(k) = -3*k - 3. Suppose 8*f - 15 - 9 = 0. Let s be y(f). What is the units digit of u(s)?
9
Suppose -c = c + 10. Let h be (61 - c) + 1 + -3. Suppose 0 = -5*u - 24 + h. What is the units digit of u?
8
Let l = -35 + 60. Suppose 4*q - 5*x = -9 + 102, q - 3*x - l = 0. What is the tens digit of q?
2
Suppose 6*h - 28 = 8*h. Let w be (-4)/h - 770/(-49). What is the tens digit of (8/w)/((-2)/(-276))?
6
Suppose -4*k + 5*g = 1035, -5*g + 0*g + 270 = -k. What is the units digit of (-5)/((-35)/(-2)) - k/35?
7
Suppose 2*v - 3 = -h - 2*h, 3*h + 9 = 2*v. Suppose 0 = -v*g + 131 + 388. What is the hundreds digit of g?
1
Let j = 407 - 180. What is the units digit of j?
7
What is the hundreds digit of 8/4*(-1 + 58)?
1
Let r(b) = 61 + 4*b - 5*b - 20*b - 21*b. What is the units digit of r(-6)?
3
Suppose 54 - 46 = 2*r. Suppose -r*s - 2*n = s - 781, -4*n + 306 = 2*s. What is the units digit of s?
7
What is the units digit of 479 - 4/(-4) - (2 - 4)?
2
Let w(b) = -b**2 + 4*b + 1. Let k = -16 - -19. Let o be w(k). Suppose -4*s + 64 = o*l, 6*l = l. What is the tens digit of s?
1
Suppose -26 = 4*q - 5*k + 34, -4*q - 72 = -2*k. Let p = q - -18. What is the tens digit of ((-2)/p)/(1/14)?
1
Suppose 15*t = 6396 + 3609. What is the units digit of t?
7
Let v = 4 + 3. Suppose -n = -z + 26, -2*z + n = z - 78. Suppose -5*f = -v*f + z. What is the tens digit of f?
1
Suppose 5*o + q - 76 = 0, -3*o - 4*q = -0*q - 49. Suppose -o = -5*b - 5. Suppose b*c + 66 = 4*c. What is the tens digit of c?
3
Suppose 0 = -125*k + 145*k - 24300. What is the units digit of k?
5
Let j be 22/(-10) + -1 + (-13)/(-65). What is the units digit of j - (-1 - -891)/(-5)?
5
What is the hundreds digit of 2*1578/(-8)*4/(-6)?
2
Suppose -1 = -2*g - 6*l + 5*l, 0 = 5*g + 5*l - 10. What is the units digit of (-18 - (g - 2))*(-66)/9?
0
Let t be (4/6)/(4/54). Suppose 0 = p + p - 6. What is the tens digit of t/p + (18 - 0)?
2
Suppose -4*c - 1168 = -2*t, 9*c - 588 = -t + 7*c. What is the hundreds digit of t?
5
Let m be (-12)/4 + (20 - 0). Suppose 0 = 5*z + 25, 3*p - m = -z + 11. Suppose 33 = t - p. What is the units digit of t?
4
Suppose 4*m - 12 = -0*m. Suppose 0 = 4*w + m*d - 492, -4*w - 4*d + 273 = -219. Suppose -w = -5*q + 2*a - 0*a, 97 = 4*q - 3*a. What is the tens digit of q?
2
Suppose 0 = -5*a + 223 + 127. Let h = 5 + a. What is the tens digit of h/4 + (-3)/(-12)?
1
Suppose -4*r + 4*o = -2692, -4*r + 2*r = o - 1334. What is the hundreds digit of r?
6
Let p(m) = -12*m - 17. Suppose 0 = 3*q + 22 - 4. What is the tens digit of p(q)?
5
Suppose -2*g + z = -91, 0*g + 5*z - 29 = -g. Suppose -g*n + 24 = -41*n. What is the units digit of n?
8
Let m(w) = -w**3 - 7*w**2 + 2*w - 4. Let y be (6/1)/((-9)/24). Let t = y - -8. What is the units digit of m(t)?
4
Let d(n) = n**2 - 11*n + 13. Let j be d(10). Let r(z) = 3 - 5*z - 5*z + j*z + 4*z. What is the units digit of r(-4)?
5
What is the tens digit of ((-432)/40 - -9)*-305?
4
Let t(u) be the third derivative of u**6/360 + u**5/60 - u**4/12 + 5*u**3/6 - u**2. Let f(v) be the first derivative of t(v). What is the units digit of f(5)?
3
Let y be 2/(-11) - (-138)/33. Suppose -4*m = 3*u - 117, 0*m + m = y*u - 137. What is the units digit of u?
5
Let c(n) = 150*n**2 - n - 1. Let z be c(-1). Suppose t - 6*t + z = 0. What is the units digit of t?
0
Let p = 1058 + -67. What is the hundreds digit of p?
9
What is the hundreds digit of 3*((-11382)/9)/(-14)?
2
Suppose 5*z = -15, -4*z - 992 = 5*u + 1095. Let w = -224 - u. What is the units digit of w?
1
Let x(w) = 313*w**2 + 19*w + 14. What is the tens digit of x(-3)?
7
Let v = 514 - 283. Let k = 353 - v. What is the tens digit of k?
2
Suppose -77*o + 12 = -71*o. Suppose 0 = -y - z - z + 277, o*y + 5*z = 559. What is the hundreds digit of y?
2
What is the thousands digit of 30/(-12)*31*-18?
1
Suppose -14*s = 2*w - 18*s - 2238, -7*s + 5544 = 5*w. What is the thousands digit of w?
1
Let p(r) = 68*r**2 + 28*r - 23. What is the units digit of p(6)?
3
Let w = -1319 - -1322. What is the units digit of w?
3
Let i = 1 + -1. Let q(o) = -6*o + 1 + i + 3*o. What is the units digit of q(-5)?
6
Suppose -3*x = -x - 10. Suppose 3*q = 2*q + x. Suppose 0 = q*l - 51 - 39. What is the tens digit of l?
1
Suppose -4*v + 3*q + 285 = 0, 4*v + 2*q - 286 = 4*q. Let d be (5/(-10))/((-3)/v). Let s = d + 0. What is the units digit of s?
2
Suppose -2*w = d - 3767, -3*w + 389 = -4*d + 15512. What is the tens digit of d?
7
Let y(w) = -3*w**2 - 28*w - 30. Let b be y(-12). Let x = -43 - b. What is the units digit of x?
3
Let l(o) = -3*o**2 + 2*o + 264. What is the hundreds digit of l(0)?
2
Suppose -5*l = -0*l. Let r be (-1)/2*(l + 0). Suppose 5*n + 10 = 0, 4*n = -3*i - r*i + 37. What is the units digit of i?
5
Let w(b) = -1470*b - 113. What is the hundreds digit of w(-3)?
2
Let x be 801*((-22)/6 - -4). Suppose -x = -3*z - 3*f, -3*z + 0*z - 5*f = -267. What is the tens digit of z?
8
Suppose -2*y + 2*h = 5*h + 585, 0 = y - 5*h + 260. Let i = -56 - y. What is the tens digit of i?
2
Let f(j) = -17*j + 49*j**2 + 7*j + 21*j + 2. What is the hundreds digit of f(2)?
2
Let n be 0/(1/(3/9)). Let c(x) = x. Let q be c(4). Let m = q - n. What is the units digit of m?
4
Let a(p) = 4*p**2 - 29*p + 46. What is the tens digit of a(25)?
2
Suppose 3460 = 18*q - 6674. What is 